hat is g(-1)?
-3
Let h = 30 + -29. Let g = -2 + 6. Let i(y) = -h + y**2 - y + 1 - y - g. What is i(4)?
4
Let u(t) = t**2 - 5*t + 4. Suppose -2*c = -8*b + 3*b - 21, -c + 5*b + 18 = 0. Give u(c).
-2
Suppose -5*f + 4*h - 9*h = 35, -7 = -2*f + 5*h. Let a(r) be the third derivative of r**6/120 + r**5/15 - r**4/6 - 2*r**3/3 + r**2. What is a(f)?
12
Let c(n) = 2*n + 3*n + 8 - 3*n. Let r(t) = -1 - 4*t + 5*t - 3 + 5. Let u(h) = -c(h) + 4*r(h). Calculate u(3).
2
Let z = -763/60 - -64/5. Let s(j) be the third derivative of 2*j**2 + 1/120*j**6 + z*j**5 + 0 + 0*j**4 - 7/6*j**3 + 0*j. What is s(-5)?
-7
Let q(y) = y**2 + 7*y + 4. Let h = -11 - -6. Give q(h).
-6
Let v be (6/8)/(-3 - 111/(-36)). Let l(g) = g**2 - 10*g + 10. Give l(v).
1
Let k(j) = -j**3 - j**2 + j + 2. Let t = 2 + 2. Let y be (-4)/t*(-1 + -1). What is k(y)?
-8
Let k be 34/10 + (-6)/15. Let z(g) be the first derivative of 1/3*g**3 - 1/4*g**4 + g**2 + 3 + 3*g. Determine z(k).
-9
Let c(m) be the second derivative of 0 + 0*m**3 + 1/12*m**4 + 2*m - m**2. Give c(0).
-2
Let b(n) = -3*n - 8. Let z(y) = y + 1. Let f(p) = -b(p) - z(p). Calculate f(-6).
-5
Let u(g) = g + 3. Let x be (-1)/(3/(-20 - -2)). Suppose -1 = -5*c - x. Let z be 13/(-4) + c/(-4). Determine u(z).
0
Let z(b) be the first derivative of 1/3*b**3 + 1 - b - 1/4*b**4 + 1/2*b**2. Let y = 7 - 7. Give z(y).
-1
Let k be (-18)/(-4) - (-1)/2. Let b(a) = 7*a**3 - a**2 - 5*a + 1. Let i(u) = -4 + 6 + 10*u**3 - u**2 - 1132*u + 1124*u. Let c(n) = k*i(n) - 7*b(n). Give c(-4).
-9
Let s(t) = t**3 + t**2 - 6. Let i be (-206)/(-12) + 4/(-24). Let n(w) = -w**2 + 18*w - 17. Let x be n(i). Determine s(x).
-6
Let b(m) = -m**3 - 6*m**2 + 7*m. Suppose -6*j + 4*j - 14 = 0. What is b(j)?
0
Let x(w) = -w**2 - 7*w - 7. Let k be x(-5). Suppose 0 = s - k. Let h(m) = -2*m**2 + 3*m - 1. Determine h(s).
-10
Let i(p) = p**2 - 4*p + 3. Suppose 32 = q - 2*r + 4, 5*r + 100 = 4*q. Let m be (-1)/4 + 85/q. What is i(m)?
3
Let h be (-3 - -1)*(-15)/10. Suppose 3*x - h*w = -2*w + 8, 14 = -x - 3*w. Suppose s - 5 = -x. Let r(l) = 3*l - 5. Give r(s).
7
Let i(h) be the first derivative of -1/3*h**3 - 6 - 2*h**2 + 7*h. What is i(-6)?
-5
Let t(d) = 2*d**2 + 2*d. Suppose -17 + 5 = 3*g. Let c = -6 - g. Give t(c).
4
Let k(h) be the first derivative of h**4/4 - 2*h**3 - 4*h**2 - h - 7. Calculate k(7).
-8
Let c = 1 + 2. Let i(m) = 1 + 5*m**2 - 2*m**2 + 4*m**3 - 5*m - 2 - c*m**3. Calculate i(-4).
3
Let m = -19 - -20. Let v(w) = -6*w - 1. What is v(m)?
-7
Suppose 0 = 4*o - 4. Let s(p) = -3*p**2 + 5*p**2 + 0*p + 2*p - o. Give s(1).
3
Let t(y) = -y**2 + 3*y + 4. Let u(p) = 2*p - 29. Let d be u(17). Calculate t(d).
-6
Let b(z) = -z**3 + z + 2. Let w be 24/(-40) - (-153)/5. Let n = w - 30. What is b(n)?
2
Suppose -4 = u - 0. Let z be (u + 5)/((-1)/5). Let g(k) = -k - 2. Give g(z).
3
Let y(w) = -w**3 + 4*w**2 + 7*w - 7. Suppose 2*z - 3*t = z - 7, -2*t + 28 = 4*z. Let h be y(z). Let f(u) = u - 5. What is f(h)?
-2
Let t(b) = 4 + 9 + b - 1. Calculate t(0).
12
Let f(z) = z**2 - 4*z - 4. Suppose -8 = -4*b, -p - 4*b + 6 = -5. Suppose -12 = p*q + q. Let m be -1 - -1 - (q - 0). What is f(m)?
-7
Let x(z) = z**3. Let b(n) = 2*n**3 - 5*n**2 + 4*n + 7. Let w be (-4)/2*1/2. Let c(s) = w*b(s) + 3*x(s). Determine c(-5).
13
Let r = -1 + 0. Let p be ((-3)/(-1) + -7)*r. Let j(x) be the first derivative of -x**2/2 - 4*x + 2. Determine j(p).
-8
Let l(b) = b**2 - 6*b - 1. Let r(g) = -1. Let w(k) = l(k) + 5*r(k). What is w(6)?
-6
Let d(x) = -x + 2. Suppose 2 = 4*b + 14. Determine d(b).
5
Let m(w) = -12*w**3 - 6*w**2 + w**2 + 13*w**3 - 5*w. Give m(6).
6
Let s(v) = v**3 + 5*v**2 - 5*v + 4. Let t(b) = 2*b**3 + 11*b**2 - 11*b + 9. Let p(o) = 9*s(o) - 4*t(o). Determine p(0).
0
Let c(f) = 3*f - 3. Let r be c(2). Let g(n) = -1 + 0*n - n + 3*n**2 - n**r - n. Suppose 7 + 2 = 3*a. Calculate g(a).
-7
Let f(g) be the second derivative of -g**3/6 + g**2/2 - g. Let c be ((-18)/6)/(0 + -1). Give f(c).
-2
Let s(y) be the second derivative of 1/6*y**3 + 0 + 11*y - 3*y**2. Determine s(6).
0
Suppose -4*a = w + 25, -w = -3*a + 4*w - 13. Let t(j) = j**3 + 6*j**2 + j + 6. What is t(a)?
0
Let f(z) = -z**3 + z**2 - 2. Let s be (-7 - -1)/((-2)/(-1)). Let j(d) = -d - 3. Let h be j(s). Determine f(h).
-2
Let w(b) = -7*b + 1. Let a = -32 - -33. Give w(a).
-6
Let x(m) = m + 1. Let a(v) be the second derivative of -v**3/3 - v**2 + 9*v. Let b be a(0). Give x(b).
-1
Let k(c) = -c**2 + 3*c - 1. Let v = 25 + -23. What is k(v)?
1
Suppose 3 = 5*p - 32. Let v(m) = m**3 - 7*m**2 - 7. Give v(p).
-7
Suppose 4*x = 2*c + 16, -3*x = 4*c - 0*x + 32. Let z(k) = -k**3 - 8*k**2 - k + 9. Give z(c).
17
Let s(f) = f**2 + 3*f - 1. Let v be (-7 - (-9 + 1))*8/(-2). Determine s(v).
3
Let x(k) = 2*k - 1 - 9*k + k**2 + 3*k. Calculate x(5).
4
Suppose 0 = -q + 2*k, -3*k = 3*q - 5*k. Let d(z) = -4 - 2*z**3 + 3*z**3 + 17 - z. Determine d(q).
13
Let r(b) = -b**3 - 6*b**2 - 6*b - 5. Let k(s) = 2*s - 5. Let y be k(0). What is r(y)?
0
Let t(u) be the third derivative of 0 - 1/6*u**4 - 5/6*u**3 + 1/60*u**5 + u**2 + 0*u. Give t(5).
0
Let c(l) = -l + 3. Suppose 4*x = -5*d + 3*x + 12, 3*d - 8 = -x. Suppose 0 = 3*b - d*b + 3. Give c(b).
6
Let h(w) be the first derivative of w**2/2 - w - 100. Let v be (1 + 1)/(3/(-3)). Let t(f) = -f**2 - f + 1. Let k be t(v). What is h(k)?
-2
Let c(g) = g - 9. Let q(a) be the third derivative of 0*a**3 - a**2 + 0 + 0*a + 5/24*a**4. Let f be q(1). What is c(f)?
-4
Let p(s) = s**2 + 1. Suppose v = 4*i - 5, v = -4*v + 4*i + 55. Suppose 5*k - 5 = -v. Calculate p(k).
5
Suppose 33 - 12 = -7*n. Let m(t) = 6*t + 4. Determine m(n).
-14
Let o(l) = l**3 - 2*l. Let p be (-3 - 0 - -3) + 2. Suppose v + 4*r - 6 = 8, 16 = p*v + 4*r. Calculate o(v).
4
Let b(g) = 8*g - 1. Suppose 8 - 6 = -2*c. Let x = c + 2. Calculate b(x).
7
Let u be 4*(-4)/(-24)*-6. Let j(t) = t**3 + 3*t**2 - t + 3. Calculate j(u).
-9
Suppose -4*z + 3 = -9. Suppose 4*t = -2*i - 6, t - i = -3*t + z. Let p(o) = -3 + 0*o + o - o**2 - 2*o. What is p(t)?
-3
Let y be 43/9 - (-6)/27. Let b(q) = y*q + 5 - q**2 - q - q + q. Suppose 0 = 5*m + 5*w - 50, -5*m + 4*w - 5*w = -34. What is b(m)?
-7
Let h(i) be the third derivative of i**4/12 - 7*i**3/6 - 6*i**2. Determine h(5).
3
Let t(l) = -4*l + 4. Let j(b) = -1. Let c(y) = -3*j(y) - t(y). Let f be c(1). Let q(s) = -s**3 + 3*s**2 + s + 2. Give q(f).
5
Let h(w) = 4*w**3 - 5*w**2 + w - 6. Let i(j) = 3*j**3 - 4*j**2 + 2*j - 5. Let u(z) = 2*h(z) - 3*i(z). Determine u(2).
-5
Let h(a) = -a - 3 + 2 - 3. Let k be h(-3). Let w(u) = u + 4 + 1 - 3. Determine w(k).
1
Suppose -14 = 2*f + 2*c, -5*f - 4*c - 24 = 6. Let x(p) = 2*p + 3. Determine x(f).
-1
Let j(s) be the third derivative of 0*s + 0 + 2*s**2 + 0*s**3 - 1/12*s**4. Give j(-3).
6
Suppose -4*a - o + 16 = -a, -2*a = 2*o - 16. Let n(i) = -i**3 + 2*i**3 - 2*i**3 - 2 - a*i**2 - 2*i + 5*i. Calculate n(-5).
8
Let x(b) = -4*b**2 - 16*b + 9. Let k(y) = -y**2 - 5*y + 3. Suppose -2*o = 3*o - 15. Suppose -s - o*s = -28. Let m(p) = s*k(p) - 2*x(p). Calculate m(2).
1
Let d(s) = 6*s**3 - 2 - 2*s**2 - s - 5*s**3 + 5 - 6. Calculate d(3).
3
Let u = 8 + -6. Suppose -4 = f - u. Let c(b) be the first derivative of -b**3/3 + b**2 + b + 1. Give c(f).
-7
Let i(a) = -2*a**2 - 1. Let h(q) = -q**2 + 8*q + 1. Let d(n) = 2*n - 4. Suppose 0 = -3*s + 27 - 9. Let k be d(s). Let g be h(k). What is i(g)?
-3
Suppose 3*u = -0*u. Suppose -6 = -n - n. Let r(s) = 0*s**3 - s - 2*s**2 + 1 + s**2 + s**n. Calculate r(u).
1
Let x(s) = -2*s**2 + 2*s - 1. Let m be ((-12)/(-21))/((-5)/((-105)/6)). What is x(m)?
-5
Let h(i) = 2*i**2. Let d = 11 + -7. Suppose 3*p = 0, 0 = -0*j - j + d*p - 1. Let n be h(j). Let f(x) = 5*x - 2. Determine f(n).
8
Let i(o) = o**2 - 3*o. Let w be i(4). Let u(k) = -w*k + k**2 - 5*k + 2*k - 5. Let z be u(7). Let q(g) = g**2 + 7*g + 6. Calculate q(z).
-4
Let b(o) be the second derivative of o**5/20 + o**4/12 - 2*o**3/3 + 3*o**2/2 - 4*o. Suppose 0*x - 2*x = j - 8, -x + 4*j = 14. What is b(x)?
7
Suppose u + 2*m - 11 = 0, 4*u + 2*m + 2*m = 28. Let l(d) = d + d**2 - d + d + d**u + 0*d**3. What is l(0)?
0
Suppose 0 = 3*n + 2*m - 0*m - 12, 0 = 2*n - 2*m + 2. Let q(y) = -23*y + 3 + y**n - 15 + 0*y**2 + 22*y. Give q(0).
-12
Let b(k) = -k**2 + 4. Let g be b(0). Suppose -s + 3*s - g = 0. Let x(v) = -2*v**2 + 2*v - 2. Determine x(s).
-6
Let m(r) be